8 is divided by b.
10
Suppose 4*a - 4*w + 2*w - 822 = 0, 3*a - 2*w - 618 = 0. Suppose -53*v - a = -70*v. What is the remainder when (3/(-2))/(6/(-520)) is divided by v?
10
Let h(p) = -p**3 + 3*p**2 + 23*p + 36. Calculate the remainder when 96 - (0 + -1)*-2 is divided by h(-3).
10
Let p(m) = -439*m + 64. Let w be p(-8). Let n = 198 + -124. Calculate the remainder when n is divided by (-4)/(-30) - w/(-180).
14
Let s(f) = -f**3 - 15*f**2 + 24*f + 15. Suppose 4 = 4*q, n + 9*q = 4*q + 29. Calculate the remainder when s(-17) is divided by n.
17
Suppose 376*w = 374*w + 8. Suppose w*p + 3*h = -p + 167, -5*p = -2*h - 172. What is the remainder when 54 is divided by p?
20
Let z = -121 + 182. Suppose 0 = -g - 2*g - 5*u + z, 3*u - 41 = -2*g. Let m = -10014 + 10023. What is the remainder when g is divided by m?
4
Suppose 47154 = 39*v + 19*v. Calculate the remainder when v is divided by 118.
105
Suppose 3*s + 6 = -3*l - 849, 4*s = 5*l + 1470. Let q = l + 308. Calculate the remainder when 34 is divided by q.
16
Suppose -71 = 5*w - 311. Let i be 20/3*1755/(-78). Let q = i - -157. What is the remainder when w is divided by q?
6
What is the remainder when 1526 is divided by 17*10*-1*7/(-14)?
81
Let y(j) = 24*j**3 - 19*j + 43. What is the remainder when y(2) is divided by 57?
26
Suppose 3*y = -5*v + 415, -332 = 19*v - 23*v + y. Let n(z) = -z**3 + 28*z**2 - 27*z + 12. Calculate the remainder when v is divided by n(27).
11
Let n(d) = -152*d**3 - 3*d**2 - d. Let v be n(-1). Suppose 0 = -4*b - 70 + v. Suppose 9*w - 173 = -b. Calculate the remainder when w is divided by 6.
5
Suppose -8*w + 70 = 22. Suppose -w*a + 10*a - 216 = 0. Calculate the remainder when (-7 - (-13 + 6)) + 1 + a is divided by 14.
13
Let h = 124 + -59. Calculate the remainder when h is divided by (-7)/((-252)/(-24)) + 2982/126.
19
Suppose 48*a - 159 = 81. Suppose 99 = a*t - 26. What is the remainder when 97 is divided by t?
22
Let m be (-129)/(-9) + 4/6. Suppose y - 11 = -p, 3*p - m = -0. Let w(o) = -18*o**2 - 86*o + 149. What is the remainder when w(-6) is divided by y?
5
Let n be ((-12)/(-30))/((-4)/(-50)). Suppose 3*s - n*s - 3*d = 3, -d = 1. Suppose -22*z + 10*z + 912 = s. Calculate the remainder when z is divided by 13.
11
Let z = -13 - -13. Suppose -3*m - 2*m - 5*j + 155 = z, -j = 2*m - 59. What is the remainder when m is divided by 6 - (-2 - -3)*-2?
4
Let o(y) = -y**2 + 11*y - 112. Let v be o(0). Let u = 118 + v. Calculate the remainder when 22 is divided by u.
4
Let x = 1639 + -1634. Let y(c) = -c + 6. What is the remainder when y(-5) is divided by x?
1
Suppose -96*m = -111*m + 435. Calculate the remainder when (47 - (-1 - 1)) + -4 is divided by m.
16
Let f = -20313 + 20734. What is the remainder when f is divided by 9?
7
Calculate the remainder when (-5)/2 + ((-11165)/(-14) - 4) is divided by 61.
59
Suppose -5*h = 3*o - 132, -195 + 207 = -2*h. What is the remainder when 145 is divided by o?
37
Suppose 0 = -100*w + 103*w + 6. Calculate the remainder when 79 is divided by (21 - 19)/(w + 123/60).
39
Calculate the remainder when (27 + -854)*(-2 + 1 + 0) is divided by 32.
27
What is the remainder when 2409 is divided by (48/8 - -235) + (7 - 4) + -3?
240
Let z(k) = -4*k**2 + 172*k - 324. Calculate the remainder when z(34) is divided by 113.
109
Suppose -62*h = -1338 - 212. Let x(u) = 2*u + 8. Let k be x(-7). Let b = k - -10. What is the remainder when h is divided by b?
1
Let m = 17099 - 16828. Calculate the remainder when m is divided by 238.
33
Let j = -919 - -436. Let i = j + 491. What is the remainder when 101 is divided by i?
5
Let i(c) = -c + 2. Let h(y) = 2*y**2 - 20*y + 5. Let j be h(9). Calculate the remainder when -7*-2*215/(-210)*-6 is divided by i(j).
11
Suppose 49 - 9 = 20*l. Suppose -l*n = 2*o - 10, -5*n + 3*o + 2 = 1. What is the remainder when 21 is divided by n?
1
Let a(t) = 38*t**2 - 25*t - 52. Let l be a(-2). Let r = l + -135. Calculate the remainder when 71 is divided by r.
11
Let q = 14565 - 14487. What is the remainder when 1246 is divided by q?
76
Let s = -1212 - -2770. Calculate the remainder when s is divided by 34.
28
Suppose -364 = -3*a + 2*c + 44, -3*c - 122 = -a. Calculate the remainder when a is divided by 9.
5
Suppose 3*g - 5 = 4*r, 0 = -r - r + 4*g + 10. Let f(s) = s**2 + 12*s + 44. Let b = 12 + -3. Calculate the remainder when b is divided by f(r).
0
Let h be 4*((-45)/10 + 4) - -425. Let q = h - 362. Calculate the remainder when 791 is divided by q.
59
Let w = 2058 + -2039. What is the remainder when 242 is divided by w?
14
What is the remainder when 168 is divided by 6794/79 - 2*6?
20
Let z be -11*4*5/20. Let c(i) = i + 15. Let d be c(z). Let y = d - -9. Calculate the remainder when y is divided by 7.
6
Suppose 17*n - 454 + 12 = 0. Let t = 624 + -365. Calculate the remainder when t is divided by n.
25
Let b = 3597 + -3309. What is the remainder when b is divided by 51?
33
Let k(q) = 4*q**3 - 46*q + 5. Calculate the remainder when k(5) is divided by 26.
15
Suppose -5*c - 5*l + 2345 = 0, l + 17 + 2304 = 5*c. What is the remainder when c is divided by 59?
52
Let i(q) = 553*q + 29. Calculate the remainder when i(1) is divided by 215.
152
What is the remainder when 2043 is divided by (21/56)/((-12)/(-1952))?
30
Let y(b) be the second derivative of b**5/20 + 2*b**4/3 - 5*b**3/6 - 6*b**2 + 56*b. Calculate the remainder when 52 is divided by y(-8).
24
Let h(d) = 149*d - 104. Calculate the remainder when h(1) is divided by -14*(-1 + -1) + 2.
15
Calculate the remainder when -3*(1200/280)/(9/(-784)) is divided by 188.
180
What is the remainder when 247 is divided by 2 - -79 - (-24)/6?
77
Let z be (28/10)/(((-6)/(-75))/1). Suppose z = m - 3. Calculate the remainder when m is divided by (-1 - -1) + 40/5.
6
Let q(w) = 4*w + 19. Let n be q(0). Suppose 8*l - 9*l = -n. Let x = 271 - 265. What is the remainder when l is divided by x?
1
Suppose -r = -5*b + 436, 5*b - 8*r = 119 + 324. Calculate the remainder when 952 is divided by b.
82
Suppose -163472 = -521*o + 72541. Suppose 0 = -4*g + 5*g - 57. Calculate the remainder when o is divided by g.
54
Let j = 167 - -8. Suppose -169 = -8*v + j. What is the remainder when v is divided by 22?
21
Suppose -5*w - 5*y + 4*y + 1121 = 0, 3*w + 3*y - 675 = 0. Calculate the remainder when 46 is divided by (6/(-4))/((-21)/w).
14
Let c(z) = 53*z - 3. Let r be c(2). Suppose 6*l = 389 + 31. Suppose -98*s = -r*s + l. What is the remainder when 68 is divided by s?
12
Let r(s) = -3*s + 157. Let k be r(42). Suppose k*g - 25*g = 240. Calculate the remainder when 131 is divided by g.
11
Let u(n) be the third derivative of -30*n**2 + 0*n + 1/4*n**4 + 0 + 4/3*n**3. What is the remainder when u(5) is divided by 21?
17
Suppose 3*l - 545 = -2*l. Let v be 40/15 + 2/6. Suppose 2*k = v*k - 28. What is the remainder when l is divided by k?
25
Let q = -8 + 8. Suppose q = 3*w + 4*v - 28, -w + 0 = 3*v - 11. Let m(x) = x**3 + 20*x**2 + 8*x + 239. Calculate the remainder when m(-20) is divided by w.
7
Suppose -u + 7 = 2*j - 0, -12 = -4*u. Let i be 27/j*(23 + -21). Suppose -2*p = -i - 5. What is the remainder when 28 is divided by p?
12
Suppose -125*g - 36 = -131*g. Suppose 3*p - 3*a - 5 = 1, 3*p - a - g = 0. Calculate the remainder when 12 is divided by p.
0
Suppose 5*n + 38 = l, -4*l = l - 4*n - 85. Suppose z - 4*y = 48, 4*y = 3*z - 0*y - 176. Calculate the remainder when z is divided by l.
12
Let j = -34516 + 34534. Let d = -58 - -263. Let c = 294 - d. Calculate the remainder when c is divided by j.
17
What is the remainder when 165 is divided by (-27)/6*(-13 - -2 - -9)?
3
Let x(v) = -2*v**2 - 41*v - 34. Let b be x(-14). Suppose -6*d + b = -134. Calculate the remainder when d is divided by 17.
13
Let r = -423 - -425. Suppose 4*h = r*h + 692. Calculate the remainder when h is divided by 87.
85
Let l be (-12)/(-9)*(-42 - 318). Let q = l + 1222. Calculate the remainder when q is divided by 24.
22
Let n = 107 - 105. Suppose -4*q + 4*y + 139 = -101, 0 = -n*q - y + 108. Calculate the remainder when q is divided by 24.
8
Suppose -212 - 264 = -14*b. Calculate the remainder when 208 is divided by (b/10 - 1)/((-8)/(-20)).
4
Suppose 0*r = -62*r - 17*r + 2133. Calculate the remainder when 232 is divided by r.
16
Suppose 0 = 3*l - 9, -5*n + 5*l - 116 = -416. What is the rema